 the highest common divisor of y and 12?
6
Suppose 3*a + a = 108. Let b = -12053 + 12056. What is the highest common factor of b and a?
3
Let n(o) be the third derivative of o**5/60 - 5*o**4/24 - 8*o**3/3 - 16*o**2. Let f be n(-7). Let q = -61 + f. Calculate the highest common factor of q and 7.
7
Let c(w) = 287*w**2 + w. Let r be c(-1). Suppose r*m - 283*m = 12. What is the greatest common factor of m and 164?
4
Let j(v) = v**2 - 13*v + 14. Let f be j(12). Suppose f*w + 1914 = 8*w. Let b = w - 204. Calculate the highest common factor of 46 and b.
23
Suppose 8*v = 14 + 2. Suppose 6*m + 23 = 7*m. Calculate the greatest common factor of v and m.
1
Let w be 4665/10*54*(-5)/((-30)/6). What is the highest common divisor of w and 81?
81
Let g = 219 - 211. Suppose -4*m + 12*u - g*u + 1788 = 0, 2*m + 3*u = 899. Calculate the greatest common divisor of 56 and m.
56
Suppose -x + 70 = -11. Let j be (1 - (1 + 216))*(1846/(-52) + 35). What is the highest common divisor of x and j?
27
Let r be 1178 + (48/4)/(-6). What is the highest common factor of 756 and r?
84
Let d be (-54)/(-8) + -7 - 7098/(-8). Suppose 0*k + 4*k + d = 5*q, 2*q = -5*k + 335. What is the greatest common divisor of q and 14?
7
Let l be 27/6*167*(-3 - -17). Calculate the highest common divisor of l and 334.
167
Let n = 464 + -442. Let l(a) = -a**3 + 24*a**2 - 43*a + 7. Let s be l(n). What is the highest common factor of 348 and s?
29
Let d(x) = -x**2 + 14*x + 49. Let j be d(17). Let f be (-595)/70*4/j. What is the highest common factor of 4 and f?
1
Let z(t) = -t**3 - 2*t**2 + 2*t - 1. Let b be z(-4). Calculate the greatest common factor of b and 5681.
23
Let r = 354 + 15. What is the highest common factor of r and 1722?
123
Suppose 11*d = -27*d - 17*d + 47245. Calculate the highest common divisor of 1 and d.
1
Let j be (1040 + -745)*1/((-5)/(-24)). Calculate the greatest common factor of j and 24.
24
Let g(z) = -63*z**3 + 2*z**2 + 5*z - 6. Let a(l) = -l**3 + l**2. Let t(k) = 2*a(k) - g(k). Let j be t(1). What is the greatest common divisor of j and 248?
62
Let t be (-11160)/(-396) + 6/(-33). What is the highest common divisor of t and 6398?
14
Let q be -7 - -4 - (-33)/3. Let n(j) = 3*j**2 + 15*j + 20. Let v be n(-5). Calculate the highest common divisor of q and v.
4
Let l = 135 + -389. Let h = 279 + l. What is the greatest common divisor of 65 and h?
5
Let w be -8 + 10 - (-27 - -1). Suppose -z - w = 5*k, -4*k + 2 = -5*z + 36. Let f be 70*-1*33/k*1. Calculate the highest common divisor of 55 and f.
55
Suppose 26*l + 28*l - 29700 = 0. Calculate the highest common divisor of l and 350.
50
Suppose -3*a - 4 + 4 = 0. Let z be (-10)/(125/(-30) + a + 4). Calculate the greatest common factor of z and 36.
12
Let i = -33348 - -53578. Calculate the greatest common divisor of i and 17.
17
Suppose -141*i = -136*i + 15, 5*i - 3054 = -3*g. What is the highest common divisor of 165 and g?
33
Suppose 151 = 3*m + 43. Suppose -542 = v - m. Let q be (v/3)/((-9)/27). What is the greatest common divisor of q and 46?
46
Suppose 27978 = 29*c - 25*c - l, 2*c = -5*l + 13978. What is the greatest common factor of 26 and c?
26
Let j = -334 - -639. Let t = -120 + j. What is the highest common divisor of 37 and t?
37
Suppose 20270 = -64*d + 21550. What is the greatest common factor of d and 1795?
5
Let p be 4*431/18 - (-8)/36. Let n = -653 + 665. What is the highest common factor of p and n?
12
Let u = -51 + 62. Let b(h) = 24*h - 119. Let a be b(u). Suppose i - 20 = 38. What is the highest common divisor of a and i?
29
Suppose -5*m - 3*a + 0*a = -35, -5*m + 45 = 5*a. Let y = -7768 - -7800. What is the greatest common factor of y and m?
4
Suppose t + 4*t - 90 = 0. Suppose -158 - 139 = -9*r. Let d = r + 21. What is the greatest common factor of d and t?
18
Let w = -16329 + 22859. Calculate the highest common divisor of 20 and w.
10
Suppose 3*c + 3 = 0, o + 5*c - 73 = 6*c. Calculate the highest common factor of 1062 and o.
18
Let t be (10815/12)/7 - (-6)/(-8). What is the highest common divisor of t and 1664?
128
Let w = -6515 + 6970. What is the greatest common factor of 20 and w?
5
Suppose -2*s - 1976 = s + f, 0 = 3*s + 5*f + 1996. Let v = -541 - s. Calculate the highest common factor of v and 174.
58
Let a = -21 - -56. Suppose k + 14 = 2*j, j - 2 = -2*k - 35. Let m = k + a. What is the highest common divisor of 19 and m?
19
Let n = 426 + -261. Suppose 0 = -2*o - 2*t + 208, 22824*t - 485 = -5*o + 22826*t. Calculate the greatest common factor of n and o.
33
Let w be -21 + 20 + 5/((-10)/(-366)). Let a be 0 + 635 - (-7)/(14/4). Calculate the highest common factor of w and a.
91
Let k(z) = -z**3 - 17*z**2 + 33*z - 48. Let b be k(-19). Suppose -b*h + 3360 = -26*h. What is the greatest common factor of h and 40?
40
Let g be (-44)/4 + 866/2. Calculate the highest common divisor of 2 and g.
2
Suppose z - l - 252 = 0, 2*l + 201 + 50 = z. Calculate the highest common divisor of z and 77.
11
Let m(p) = -p**2 - 18*p - 24. Let o be m(-4). Suppose -4*d + 1004 = -20. Calculate the highest common factor of d and o.
32
Let v = 27 - 14. Let j = -12 + 13. Let i be -10 + 129 + -2*j. What is the highest common factor of v and i?
13
Let a = -391 + 517. Suppose -u + 55 = 15. Let d = -26 + u. What is the greatest common factor of a and d?
14
Let d(y) = 24*y + 5838. Let g be d(-35). What is the highest common factor of g and 68?
34
Let h(n) = -n**2 - 14*n + 11. Let x be h(-15). Let t be -1 + x + -1 - -28. Calculate the greatest common divisor of t and 1.
1
Let f be 8/28 - (-178)/14. Let g(x) = -x**3 + 7*x**2 - 899*x + 2663. Let u be g(3). What is the greatest common divisor of f and u?
1
Let j(m) = 8*m - 46. Let b be -5 + (-61)/(-4) + (-24)/(-32). Let x be j(b). Calculate the greatest common divisor of 60 and x.
6
Let a(t) = t + 2. Let k(g) = 54*g - 146. Let q(n) = -5*a(n) + k(n). Let w be q(6). What is the highest common divisor of w and 92?
46
Suppose 2*d - 18 = 0, -4*n - 3*d + 1725 = -2*d. What is the highest common divisor of n and 247?
13
Suppose -2*f = 4*j - 664, -j + 3*f = -171 - 9. Let p(d) = d**2 - 10*d + 10. Let m be p(11). Calculate the highest common factor of j and m.
21
Let n(w) = 9*w**2 - 688*w - 2073. Let d be n(-3). What is the highest common divisor of d and 588?
12
Suppose -9*r + 2*n = -1115, -415 - 225 = -5*r - 3*n. What is the highest common factor of 28 and r?
1
Let b(d) = 6*d**2 + 150*d - 28. Let o be b(-40). Calculate the greatest common divisor of o and 76.
76
Let y = 1477 + -1452. Suppose 7*k = 2*k. Suppose 3*p + p - 20 = k. Calculate the highest common factor of p and y.
5
Let m be (3 + -5)*1/(-2). Let q be (2 + -1)*13*m. Let i(p) = -67*p - 1705. Let w be i(-27). Calculate the highest common divisor of q and w.
13
Suppose 82 = b + 2*f - 3*f, 5*b + f = 440. Suppose 3*p = -4*c + 228, 4*p - 84 = -3*c + b. Calculate the greatest common factor of 456 and c.
57
Suppose 6*s - 7*s + 7 = -5*w, 3*w = -3. Suppose s = 19*l - 17*l. What is the greatest common divisor of 19 and l?
1
Let d = 80 - 76. Suppose -2*k + 8 = 0, -4*h - 5*k = -4*k - 388. Suppose 90 = 5*a + 5*r, -4*a = a + 2*r - h. What is the greatest common divisor of a and d?
4
Let q(n) = 2*n**2 + 110*n + 1190. Let l be q(-50). Calculate the greatest common factor of 285 and l.
15
Let x = -30 + 30. Let i be (32/6)/((-2)/(-6) + x). Let b(p) = 5*p - 23. Let w be b(i). What is the greatest common divisor of w and 19?
19
Suppose 119774*p - 119758*p - 2128 = 0. Calculate the highest common factor of p and 14.
7
Suppose 0 = 4*m - m - 105. Suppose 27*y - 319 = -130. Calculate the greatest common factor of m and y.
7
Let u(i) = i**3 - 2*i**2 - 15*i. Let m be u(5). Suppose m = 4*b - 2*c - 4896 + 1246, 3*c + 4562 = 5*b. What is the greatest common divisor of b and 83?
83
Let m(z) = 2*z**2 - 22*z - 370. Let a be m(-26). What is the greatest common divisor of a and 70?
14
Let v = 13 + -9. Suppose -8*b + 4 = -v. Let o be (b - -3) + -1 + 9. What is the greatest common factor of o and 24?
12
Let f(o) = -21*o + 634. Let s be f(24). What is the highest common divisor of 7670 and s?
130
Let v(j) = -111*j + 336. Let q be v(-33). What is the highest common factor of 124 and q?
31
Let c = 5029 + -4391. What is the highest common factor of c and 88?
22
Suppose -3235*h + 3250*h = 60. Cal